{"id":284,"date":"2023-08-02T13:13:25","date_gmt":"2023-08-02T13:13:25","guid":{"rendered":"https:\/\/aktywnebeskidy.com\/?page_id=284"},"modified":"2023-08-02T14:57:52","modified_gmt":"2023-08-02T14:57:52","slug":"kurs-przodownika-turystyki-jezdzieckiej-2023","status":"publish","type":"page","link":"https:\/\/aktywnebeskidy.com\/?page_id=284","title":{"rendered":"Kurs Przodownika Turystyki Je\u017adzieckiej 2023"},"content":{"rendered":"<p><img loading=\"lazy\" decoding=\"async\" class=\"wp-image-288 alignright\" src=\"https:\/\/aktywnebeskidy.com\/wp-content\/uploads\/2023\/08\/359689074_214134921620897_6567664423160034987_n.jpg\" alt=\"\" width=\"538\" height=\"529\" srcset=\"https:\/\/aktywnebeskidy.com\/wp-content\/uploads\/2023\/08\/359689074_214134921620897_6567664423160034987_n.jpg 1200w, https:\/\/aktywnebeskidy.com\/wp-content\/uploads\/2023\/08\/359689074_214134921620897_6567664423160034987_n-300x295.jpg 300w, https:\/\/aktywnebeskidy.com\/wp-content\/uploads\/2023\/08\/359689074_214134921620897_6567664423160034987_n-1024x1008.jpg 1024w, https:\/\/aktywnebeskidy.com\/wp-content\/uploads\/2023\/08\/359689074_214134921620897_6567664423160034987_n-768x756.jpg 768w, https:\/\/aktywnebeskidy.com\/wp-content\/uploads\/2023\/08\/359689074_214134921620897_6567664423160034987_n-61x60.jpg 61w\" sizes=\"auto, (max-width: 538px) 100vw, 538px\" \/><\/p>\n<p>Zapraszamy do udzia\u0142u w Kursie Przodownika G\u00f3rskiej Turystyki Je\u017adzieckiej, kt\u00f3ry realizowany b\u0119dzie w dniach <strong>11-17 wrze\u015bnia 2023<\/strong>. Kurs zako\u0144czony b\u0119dzie egzaminem przed\u00a0Komisj\u0105 G\u00f3rskiej Turystyki Je\u017adzieckiej Zarz\u0105du G\u0142\u00f3wnego Polskiego Towarzystwa Turystyczno Krajoznawczego. To wyj\u0105tkowa okazja, by w czasie 7 dniowego szkolenia przygotowa\u0107 si\u0119 i zda\u0107 egamin teoretyczny oraz praktyczny. To doskona\u0142y krok w drodze do przekucia swojej je\u017adzieckiej pasji w \u015bcie\u017ck\u0119 kariery zawodowej!<\/p>\n<p>Kurs odbywa\u0107 b\u0119dzie si\u0119 w Stadninie Koni Huculskich &#8222;Po\u0142onina&#8221; w Korbielowie (ul. Szczyrbok 56). To wyj\u0105tkowa okazja, by w zaledwie 7 dni doszlifowa\u0107 swoje umiej\u0119tno\u015bci, ugruntowa\u0107 wiedz\u0119 i zdoby\u0107 nowe kwalifikacje. Zdobycie kwalifikacji Przodownika G\u00f3rskiej Turystyki Je\u017adzieckiej pozwala na prowadzenie wycieczek konnych w terenach g\u00f3rskich &#8211; wymaga wi\u0119c tak znajomo\u015bci zasad post\u0119powania z koniem, umiej\u0119tno\u015bci je\u017adzieckich, jak i kompetencji z zakresu topografii czy poruszania si\u0119 w terenie g\u00f3rskim.<\/p>\n<h2>Plan kursu<\/h2>\n<p>W trakcie kursu czeka na Was 100 godzin zaj\u0119\u0107, podzielonych na cz\u0119\u015b\u0107 praktyczn\u0105 oraz teoretyczn\u0105. W poni\u017cszej tabeli przedstawiamy podzia\u0142 omawianych zagadnie\u0144 na poszczeg\u00f3lne dni kursu.<\/p>\n<table>\n<tbody>\n<tr>\n<td>\n<h6><strong>Dzie\u0144 szkolenia<\/strong><\/h6>\n<\/td>\n<td>\n<h6><strong>Teoria<\/strong><\/h6>\n<\/td>\n<td>\n<h6><strong>Praktyka<\/strong><\/h6>\n<\/td>\n<\/tr>\n<tr>\n<td>\n<h6><strong><em><u>Poniedzia\u0142ek<\/u><\/em><\/strong><\/h6>\n<\/td>\n<td>\n<h6>Historia PTTK i turystyki konnej;<\/h6>\n<h6>Je\u017adziectwo Teoria<\/h6>\n<h6>Higiena i str\u00f3j je\u017adziecki<\/h6>\n<h6>Styl West<\/h6>\n<h6><\/h6>\n<\/td>\n<td>\n<h6>Przygotowanie i piel\u0119gnacja koni;<\/h6>\n<h6>Jazda mane\u017cowa;<\/h6>\n<h6>Praktyka przy Instruktorze Wyk\u0142adowcy<\/h6>\n<\/td>\n<\/tr>\n<tr>\n<td>\n<h6><strong><em><u>Wtorek<\/u><\/em><\/strong><\/h6>\n<\/td>\n<td>\n<h6>Metodyka prowadzenia zaj\u0119c je\u017adzieckich;<\/h6>\n<h6>Psychologia i Pedagogika<\/h6>\n<\/td>\n<td>\n<h6>Przygotowanie i piel\u0119gnacja koni;<\/h6>\n<h6>Jazda mane\u017cowa;<\/h6>\n<h6>Praktyka przy Instruktorze Wyk\u0142adowcy<\/h6>\n<\/td>\n<\/tr>\n<tr>\n<td>\n<h6><strong><em><u>\u015aroda<\/u><\/em><\/strong><\/h6>\n<\/td>\n<td>\n<h6>Terenoznastwo i Krajoznastwo<\/h6>\n<h6>Pierwsza pomoc przedmedyczna<\/h6>\n<\/td>\n<td>\n<h6>Przygotowanie i piel\u0119gnacja koni;<\/h6>\n<h6>Wycieczka szkoleniowa\/jazda mane\u017cowa<\/h6>\n<\/td>\n<\/tr>\n<tr>\n<td>\n<h6><strong><em><u>Czwartek<\/u><\/em><\/strong><\/h6>\n<\/td>\n<td>\n<h6>G\u00f3rska Turystyka Je\u017adziecka;<\/h6>\n<h6>Regulaminy i odznaki w turystyce je\u017adzieckiej;<\/h6>\n<h6>Szlaki Tursytyczne Konne<\/h6>\n<\/td>\n<td>\n<h6>Przygotowanie i piel\u0119gnacja koni;<\/h6>\n<h6>Jazda mane\u017cowa;<\/h6>\n<h6>Praktyka przy Instruktorze Wyk\u0142adowcy<\/h6>\n<\/td>\n<\/tr>\n<tr>\n<td>\n<h6><strong><em><u>Pi\u0105tek<\/u><\/em><\/strong><\/h6>\n<\/td>\n<td>\n<h6>Weterynaria i zootechnika<\/h6>\n<h6>Kodeks drogowy<\/h6>\n<h6>Agroturystyka<\/h6>\n<h6>Ubezpieczenia<\/h6>\n<\/td>\n<td>\n<h6>Przygotowanie i piel\u0119gnacja koni;<\/h6>\n<h6>Jazda mane\u017cowa;<\/h6>\n<h6>Praktyka przy Instruktorze Wyk\u0142adowcy<\/h6>\n<\/td>\n<\/tr>\n<tr>\n<td>\n<h6><strong><em><u>Sobota<\/u><\/em><\/strong><\/h6>\n<\/td>\n<td>\n<h6>&#8211;<\/h6>\n<\/td>\n<td>\n<h6>Jazda mane\u017cowa\/pr\u00f3bny egzamin praktyczny<\/h6>\n<\/td>\n<\/tr>\n<tr>\n<td>\n<h6><strong><em><u>Niedziela<\/u><\/em><\/strong><\/h6>\n<\/td>\n<td>\n<h6>Egzamin teoretyczny<\/h6>\n<\/td>\n<td>\n<h6>Egzamin praktyczny<\/h6>\n<\/td>\n<\/tr>\n<\/tbody>\n<\/table>\n<p>W rekrutacji na kurs obowi\u0105zuje pierwsze\u0144stwo uczestnik\u00f3w zaj\u0119\u0107 je\u017adzieckich w Beskidzkim Uniwersytecie Ludowym realizowanych w okresie kwiecie\u0144-sierpie\u0144 2023 oraz preferencyjna stawka za kurs. Uczestnicy zaj\u0119\u0107 w Beskidzkim Uniwersytecie Ludowym rejestruj\u0105c si\u0119 do 20.08.2023 mog\u0105 odby\u0107 ca\u0142o\u015b\u0107 kursu wnosz\u0105c op\u0142at\u0119 rekrutacyjn\u0105 w wysoko\u015bci 500 z\u0142 za kurs wraz z egzaminem,<\/p>\n<p>Rejestracja dla os\u00f3b spoza Beskidzkiego Uniwersytetu Ludowego mo\u017cliwa b\u0119dzie w dniach 20.08.2023 do 31.08.2023. Op\u0142ata rekrutacyjna dla uczestnik\u00f3w spoza zaj\u0119\u0107 je\u017adzieckich Beskidzkiego Uniwersytetu Ludowego wynosi 2 000 z\u0142 za kurs wraz z egzaminem.<\/p>\n<h2>Chcesz zg\u0142osi\u0107 si\u0119 na kurs?<\/h2>\n<p><strong>Rejestracj\u0119 na kurs prowadzimy drog\u0105 telefoniczn\u0105 pod numerem telefonu 603-998-425<\/strong>. Po dokonaniu rejestracji telefonicznej konieczne jest wniesienie op\u0142aty rekrutacyjnej oraz przes\u0142anie podpisanego regulaminu kursu oraz zgody na przetwarzanie danych osobowych na adres stowarzyszenie@aktywnebeskidy.com.<\/p>\n<p><strong>Wp\u0142aty op\u0142aty rekrutacyjnej nalezy dokona\u0107\u00a0na rachunek:<\/strong><br \/>\n<strong>26 1020 1390 0000 6102 0735 4477<\/strong><br \/>\n<strong>tytu\u0142em: op\u0142ata rekrutacyjna GTJ\u00a0<em>Imi\u0119 i nazwisko uczestnika<br \/>\n<\/em><\/strong><\/p>\n<h2>Jakie wymagania musi spe\u0142nia\u0107 kandydat?<\/h2>\n<ul>\n<li>Kandydat musi mie\u0107 uko\u0144czone 18 lat<\/li>\n<li>Zdana minimum br\u0105zowa odznaka je\u017adziecka GTJ PTTK<\/li>\n<li>Przynale\u017cno\u015b\u0107 do PTTK<\/li>\n<\/ul>\n<h2>Jak wygl\u0105da egzamin?<\/h2>\n<p>Egzaminy przeprowadza Komisja egzaminacyjna w sk\u0142adzie:<\/p>\n<ul>\n<li><span style=\"color: var(--font-color); font-family: var(--primary-font);\">Trzech Instruktor\u00f3w Wyk\u0142adowc\u00f3w GTJ<\/span><\/li>\n<li>Przewodnik lub Instruktor Krajoznawstwa PTTK<\/li>\n<li>Specjalista Zootechniki lub Weterynarii<\/li>\n<li>Ratownik GOPR\/osoba uprawniona\/<\/li>\n<li>Przewodnicz\u0105cym Komisji jest Instruktor Wyk\u0142adowca prowadz\u0105cy kurs<\/li>\n<\/ul>\n<figure id=\"attachment_304\" aria-describedby=\"caption-attachment-304\" style=\"width: 324px\" class=\"wp-caption alignright\"><img loading=\"lazy\" decoding=\"async\" class=\" wp-image-304\" src=\"https:\/\/aktywnebeskidy.com\/wp-content\/uploads\/2023\/08\/Obraz1.png\" alt=\"\" width=\"324\" height=\"472\" srcset=\"https:\/\/aktywnebeskidy.com\/wp-content\/uploads\/2023\/08\/Obraz1.png 227w, https:\/\/aktywnebeskidy.com\/wp-content\/uploads\/2023\/08\/Obraz1-206x300.png 206w, https:\/\/aktywnebeskidy.com\/wp-content\/uploads\/2023\/08\/Obraz1-41x60.png 41w\" sizes=\"auto, (max-width: 324px) 100vw, 324px\" \/><figcaption id=\"caption-attachment-304\" class=\"wp-caption-text\">Schemat placu do I cz\u0119\u015bci egzaminu<\/figcaption><\/figure>\n<p>Egzamin je\u017adziecki sk\u0142ada si\u0119 z dw\u00f3ch cz\u0119\u015bci. Pierwsza cz\u0119\u015b\u0107 odbywa si\u0119 wg. schematu zatwierdzonego przez Komisj\u0119 GTJ ZG PTTK, na placu do jazdy o r\u00f3wnym pod\u0142o\u017cu o wymiarach min. 20 x 30 m. Schemat placu na kt\u00f3rym odbywa si\u0119 egzamin przedstawiony jest na grafice po prawej.<br \/>\nProgram przejazdu:<br \/>\n1 \u2013 A wjazd na wprost, st\u0119p do X,<br \/>\n2 \u2013 X zatrzymanie, nieruchomo\u015b\u0107 5 sek, uk\u0142on<br \/>\n3 \u2013 X MCHEKAFBM st\u0119p (w lewo) wok\u00f3\u0142 ca\u0142ej uje\u017cd\u017calni (oswojenie)<br \/>\n4 \u2013 MC H k\u0142us anglezowany<br \/>\n5 \u2013 H wolta w lewo ( 6m) \u0107wiczebnym<br \/>\n6 \u2013 H EKAFBMC anglezowanym wok\u00f3\u0142 uje\u017cd\u017calni<br \/>\n7 \u2013 C HEKAFBMC zagalopowanie z lewej wok\u00f3\u0142 uje\u017cd\u017calni (p\u00f3\u0142siad)<br \/>\n8 \u2013 C H k\u0142us anglezowany<br \/>\n9 \u2013 H CM p\u00f3\u0142wolty w lewo \u0107wiczebnym, dalej anglezowanym<br \/>\n10 \u2013 M wolta w prawo \u0107wiczebnym<br \/>\n11 \u2013 M BFAKEHC dalej anglezowanym wok\u00f3\u0142 uje\u017cd\u017calni<br \/>\n12 \u2013 C MBFAKEHC zagalopowanie z prawej i wok\u00f3\u0142 uje\u017cd\u017calni (p\u00f3\u0142siad)<br \/>\n13 \u2013 C M k\u0142us anglezowany<br \/>\n14 \u2013 M p\u00f3\u0142 wolty w prawo<br \/>\n15 \u2013 C X wjazd na \u015brodek<br \/>\n16 \u2013 X zatrzymanie z k\u0142usa, nieruchomo\u015b\u0107 5 sek.<br \/>\n17 \u2013 uk\u0142on wyjazd st\u0119pem przez A (lu\u017ana wodza)<\/p>\n<p>Druga cz\u0119\u015b\u0107 egzaminu to &#8222;\u015bcie\u017cka huculska&#8221;. W sk\u0142ad \u201e\u015acie\u017cki Huculskiej\u201d wchodzi pokonanie takich element\u00f3w jak:\u00a0przejazd przez g\u0142\u0119bok\u0105 wod\u0119, przejazd wzd\u0142u\u017c strumienia po rw\u0105cej wodzie, zjazd do potoku po stromym zboczu, wyjazd z potoku na stromy brzeg, slalom mi\u0119dzy drzewami, przejazd pod nisko rosn\u0105cym konarem, skok przez zwalone drzewo, przejazd przez wiatro\u0142om, przejazd przez m\u0142odnik, przejazd przez k\u0142adk\u0119, przejazd przez r\u00f3wnowa\u017cni\u0119 (przeszkoda nieobowi\u0105zkowa).<\/p>\n<p>W ramach cz\u0119\u015bci teoretycznej egzaminu konieczne jest wykazanie znajomo\u015bci i zrozumienia zagadnie\u0144 z zakresu je\u017adziectwa i krajoznawstwa, przedstawionych w ramach wyk\u0142ad\u00f3w realizowanych w trakcie kursu. Zach\u0119camy r\u00f3wnie\u017c do zapoznania si\u0119 z kartami oceny dla cz\u0119\u015bci praktycznych egzaminu.<\/p>\n<p><a href=\"https:\/\/aktywnebeskidy.com\/wp-content\/uploads\/2023\/08\/karta-egzaminacyjna-cz-1-elementy-ujezdzania.pdf\">karta egzaminacyjna cz. 1 elementy ujezdzania<\/a><br \/>\n<a href=\"https:\/\/aktywnebeskidy.com\/wp-content\/uploads\/2023\/08\/karta-egzaminacyjna-cz-2-sciezka-huculska.pdf\">karta egzaminacyjna cz. 2 sciezka huculska<\/a><\/p>\n<h2>Co jeszcze musisz wiedzie\u0107 o kursie i egzaminie?<\/h2>\n<p>Uczestnik\u00f3w egzaminu obowi\u0105zuje ubi\u00f3r je\u017adziecki.<br \/>\nNie dopuszcza si\u0119 u\u017cywania ostr\u00f3g.<br \/>\nOcena egzaminu praktycznego jest wynikiem oceny trzech egzaminator\u00f3w, a wynik jest pozytywny lub negatywny.<br \/>\nOcena egzaminu teoretycznego jest pozytywna lub negatywna.<br \/>\nEliminacja z egzaminu praktycznego nast\u0119puje w przypadku:<\/p>\n<ul>\n<li>Upadku z konia lub z koniem<\/li>\n<li>Niewykonania okre\u015blonej programem ewolucji \u2013 pomylenie trasy<\/li>\n<li>Wyjazd poza wyznaczony plac egzaminacyjny<\/li>\n<li>Trzecia odmowa pokonania przeszkody na \u201e\u015bcie\u017cce huculskiej\u201d<\/li>\n<\/ul>\n<p>Kurs jest zaliczony w przypadku zdania, co najmniej jednego egzaminu.<\/p>\n<h2>Dokumenty do pobrania<\/h2>\n<p><a href=\"https:\/\/aktywnebeskidy.com\/wp-content\/uploads\/2023\/08\/regulamin.pdf\">Regulamin kursu<\/a><br \/>\n<a href=\"https:\/\/aktywnebeskidy.com\/wp-content\/uploads\/2023\/08\/zgoda-rodo.pdf\">Zgoda uczestnika na przetwarzanie danych osobowych<\/a><br \/>\n<a href=\"https:\/\/aktywnebeskidy.com\/wp-content\/uploads\/2023\/08\/Program-Szkolenia-na-Przodownika-GTJ-PTTK-w-ramach-BUL.pdf\">Program Szkolenia na Przodownika GTJ PTTK w ramach BUL<\/a><\/p>\n","protected":false},"excerpt":{"rendered":"<p>Zapraszamy do udzia\u0142u w Kursie Przodownika G\u00f3rskiej Turystyki Je\u017adzieckiej, kt\u00f3ry realizowany b\u0119dzie w dniach 11-17 wrze\u015bnia 2023. Kurs zako\u0144czony b\u0119dzie egzaminem przed\u00a0Komisj\u0105 G\u00f3rskiej Turystyki Je\u017adzieckiej Zarz\u0105du G\u0142\u00f3wnego Polskiego Towarzystwa Turystyczno &hellip; <\/p>\n","protected":false},"author":1,"featured_media":15,"parent":43,"menu_order":0,"comment_status":"closed","ping_status":"closed","template":"","meta":{"footnotes":""},"class_list":["post-284","page","type-page","status-publish","has-post-thumbnail","hentry","latest_post"],"_links":{"self":[{"href":"https:\/\/aktywnebeskidy.com\/index.php?rest_route=\/wp\/v2\/pages\/284","targetHints":{"allow":["GET"]}}],"collection":[{"href":"https:\/\/aktywnebeskidy.com\/index.php?rest_route=\/wp\/v2\/pages"}],"about":[{"href":"https:\/\/aktywnebeskidy.com\/index.php?rest_route=\/wp\/v2\/types\/page"}],"author":[{"embeddable":true,"href":"https:\/\/aktywnebeskidy.com\/index.php?rest_route=\/wp\/v2\/users\/1"}],"replies":[{"embeddable":true,"href":"https:\/\/aktywnebeskidy.com\/index.php?rest_route=%2Fwp%2Fv2%2Fcomments&post=284"}],"version-history":[{"count":10,"href":"https:\/\/aktywnebeskidy.com\/index.php?rest_route=\/wp\/v2\/pages\/284\/revisions"}],"predecessor-version":[{"id":319,"href":"https:\/\/aktywnebeskidy.com\/index.php?rest_route=\/wp\/v2\/pages\/284\/revisions\/319"}],"up":[{"embeddable":true,"href":"https:\/\/aktywnebeskidy.com\/index.php?rest_route=\/wp\/v2\/pages\/43"}],"wp:featuredmedia":[{"embeddable":true,"href":"https:\/\/aktywnebeskidy.com\/index.php?rest_route=\/wp\/v2\/media\/15"}],"wp:attachment":[{"href":"https:\/\/aktywnebeskidy.com\/index.php?rest_route=%2Fwp%2Fv2%2Fmedia&parent=284"}],"curies":[{"name":"wp","href":"https:\/\/api.w.org\/{rel}","templated":true}]}}